 -2 = -u + 3*g, 4*u = 2*u + g - 1. Give p(u).
-3
Let q(v) = -2*v**3 - 5*v**2 + 11*v + 5. Let n = -1896 + 1899. Calculate q(n).
-61
Suppose -7*w = x + 20 - 61, 40 = 2*w + 5*x. Let b(a) = -a**3 + 8*a**2 - 9*a - 15. Determine b(w).
15
Let j(u) = 3*u**2 - 2*u + 1. Let g(a) = -4*a**2 + 2*a - 2. Let t(o) = -2*g(o) - 3*j(o). Let n be (24/(-15))/(50/(-125)). Determine t(n).
-7
Let p be 3367/65 + (-1)/(-5). Suppose 12 = -16*y - p. Let m(o) = o + 2. Calculate m(y).
-2
Let d(c) = -2*c - 5 - 2 - 1 + 5. Let j(w) = 3*w + 4. Let u(v) = -4*d(v) - 3*j(v). Let m be (-51)/17 + 60/10. What is u(m)?
-3
Let o(m) = -29*m - 16*m - 11 + 59*m - 13*m. Calculate o(-7).
-18
Let t(z) = 16*z + 3. Suppose 33 = -2*h + 49. Let x be 3 + ((-72)/30)/(h/20). What is t(x)?
-45
Let u be (-4)/2 + (-16 - -20). Let i(j) = -j**2 - j + 2*j**2 - u + 0*j**2 - 6*j. Let l be (-5*(-2)/2)/1. Give i(l).
-12
Let a(h) = 6*h - 4 - 1339*h**2 + 18 + 1338*h**2. Calculate a(8).
-2
Let i(v) = v**2 + 3*v - 6. Let r(t) = -t**2 - 5*t + 5. Let m(k) = -3*i(k) - 2*r(k). Give m(5).
-12
Let n be 1 - (5 - 24/6)*-1. Let l(t) = -4*t**3 - n + 3*t**3 - 83*t + 79*t + 5*t**2. Suppose -3*m = 5*a - 37, -4*a - 3*m - 13 = -45. Calculate l(a).
-22
Suppose 0 = 42*d - 18270 + 18144. Let q(l) = 6 - 4*l - 2*l + 3*l. What is q(d)?
-3
Let l = -19 - -22. Let q(z) be the second derivative of 1/20*z**5 + 2*z**2 - 1/3*z**4 + 0 + 1/3*z**3 + 5*z. Calculate q(l).
1
Let h(x) = -286*x - 865. Let y be h(-3). Let f(j) = -j**2 - 25*j - 123. Give f(y).
3
Let p(y) = -1 - 10 - 3*y + 2*y + 10 - 4*y. Calculate p(-2).
9
Let v(s) = -2*s**2 - 16*s - 25. Let f(j) = 5*j**2 + 32*j + 51. Let w(b) = -3*f(b) - 7*v(b). Let a be w(17). Let r = -12 + a. Let h(n) = n - 4. What is h(r)?
-11
Let p(c) = c**2 + 17*c + 34. Let m(w) = 449*w**2 + 3*w + 4. Let s be m(-1). Suppose -s = -8*z + 38*z. What is p(z)?
4
Let i(b) = 219*b - 87. Let u(p) = -21*p + 2. Let g(l) = i(l) + 10*u(l). Determine g(7).
-4
Let s(r) = -117*r - 11. Let j(x) = -39*x - 19. Let g(p) = -8*j(p) + 3*s(p). Calculate g(3).
2
Let c(x) be the second derivative of 5*x**4/12 - x**3/6 - x**2/2 - 234*x. Suppose 2*q = 6*q. Suppose q = -2*o + 3*n + 1, 2*o - n + 0 = -1. Calculate c(o).
5
Let c(l) = l - 6948424*l**2 - 6*l + 6 + l**3 + 6948424*l**2. What is c(2)?
4
Let k(w) be the third derivative of w**4/8 - 10*w**3/3 - 18*w**2. Let t be k(8). Let n(p) = 1 - 3*p + t + 3 - 13. Give n(4).
-17
Let n(s) = 9*s - 15. Suppose 342*y = 362*y - 20. Determine n(y).
-6
Suppose -o - 3*v = -3, 5 - 22 = -3*o - v. Let h(s) = -7*s + 31. Determine h(o).
-11
Let k(l) be the first derivative of -l**4/4 - 3*l**3 + l**2 - 22*l - 966. Determine k(-9).
-40
Let f(n) = -5 + 161 - 68 + 9*n + 42. Give f(-10).
40
Let d(u) = 2*u - 42. Suppose 27*f - 401 = -23. What is d(f)?
-14
Let q(m) = m**3 + 13*m**2 + 11*m - 1. Suppose 4*i = -0*i + 12, 0 = 5*g - 4*i + 1507. Let x = 287 + g. Calculate q(x).
11
Suppose -14*q + 52 = -10*q. Let i = q - 11. Let k(g) = -g**2 - 1 - g**i + 0*g - 7*g + g**3 + 3*g. Give k(4).
15
Let y(j) = j**3 - 5*j**2 - 79*j + 400. Let g be y(5). Let t(i) = 2*i - 9. Calculate t(g).
1
Let r = -1972 - -1974. Let l(k) be the third derivative of 7*k**5/60 - k**3/3 + 7*k**2. Calculate l(r).
26
Suppose 5*r + 17 = l + 2*r, -25 = 5*r. Let n(b) be the first derivative of -b**3/3 - b**2/2 + b - 27135. Give n(l).
-5
Suppose -9*h + 5*d - 4 = -12*h, -4*d - 32 = -2*h. Suppose 0 = 3*i + h*i. Let a(z) = z**2 + z + 26. Determine a(i).
26
Let z(y) = -10*y - 190. Suppose -5*a - 33 = 11 + 51. Give z(a).
0
Suppose -2*i - 125 = -27*i. Let n(f) = 2*f**3 + i*f - 2*f**3 + 4*f**2 + f**3 + f**2 + 2. Suppose -2*h - 4*d - 22 = 0, h + 4*d + 10 = 3*h. Determine n(h).
5
Let j(g) = g**3 - 4*g**2 + g + 3. Let t be 313/5 + (-12)/(-30). Let m = t + -63. Suppose 5*w - 2 - 18 = m. Calculate j(w).
7
Let c(w) = -3*w - 12. Suppose 31*x = 28*x + 9. Let t be ((-69)/15 + x)*5. Give c(t).
12
Let o(l) = 2*l - 73. Let i = 12263 + -12231. Determine o(i).
-9
Suppose -4*n + 14022 + 4542 = 0. Let a(l) = 15*l + 4642*l**2 - n*l**2 - 10 - 7*l + 2*l. What is a(-11)?
1
Let r(m) = -1 + 2*m**2 + 5 - m**3 + 2*m**3 - 6*m - 6*m**2. Let g be -1 + (1 - -3) + -6 - -20. Suppose -9*b + 28 = -g. What is r(b)?
-1
Suppose 15*r - 79 = 14*r. Let z = r - 70. Let a(q) = 15*q + 6*q**2 + 0*q - q**3 - z*q - 2. Determine a(7).
-9
Let p(t) = 4*t + 40 - 37 + 108 - 7*t. Give p(37).
0
Let z(d) be the first derivative of 8*d**2 - 6*d - 6033. Give z(2).
26
Let a(z) = -z**2 + 4*z - 4. Suppose -12 = -o - 3*o. Let s be a(o). Let n(y) be the third derivative of -5*y**5/12 + y**4/24 + y**2 + 4705*y. What is n(s)?
-26
Suppose -5550*h + 5548*h + 20 = 0. Let i(n) = n - 30. Determine i(h).
-20
Let k(l) = l**3 + 5*l**2 + 2*l - 6. Suppose 4*s = b + 15, -5*b = 3*s - b - 35. Suppose -29 = -3*g - 14, s*g = 4*d + 41. Determine k(d).
2
Let q(m) = -m**2 - m - 9. Suppose 4*f - 15 = r - 5, 0 = -2*f - 4*r - 4. Let v be -4 + -1*(f + -1) + 5. Give q(v).
-9
Suppose 3*h - 17*r + 15*r = 51, -5*h - 2*r + 85 = 0. Let t(k) = k**2 - 17*k - 24. Determine t(h).
-24
Let d be 33 - (10/6 - (-7)/21). Let s be d/11 - (-2)/11. Let h(u) = u**2 + 8 - 2*u**3 - 6*u + s*u**2 + 3*u**3 - 11. Give h(-5).
2
Let p(y) be the third derivative of -y**7/1680 - y**6/720 - 13*y**5/30 - y**2 + 11. Let j(c) be the third derivative of p(c). Suppose -3*k + 1 = -5. Give j(k).
-7
Let d(r) = -r - 24. Let p = -368 + 371. Suppose 13*t = 5*t - p*t. What is d(t)?
-24
Let t(w) be the third derivative of -w**4/24 - 7*w**3/6 + 3*w**2 - 601*w. Determine t(3).
-10
Let g(u) be the third derivative of u**6/60 + 23*u**5/60 + u**4/3 - 11*u**3/3 - 7003*u**2. What is g(-11)?
11
Suppose -k - 3*a = 1, 0 = -4*k - a - 9 - 28. Let v(r) = r**2 + 4*r - 47. Determine v(k).
13
Let a be (-2)/1*(1 - 0). Let q = 0 - a. Let d(s) = s**3 - 2*s**2 + s + 1. Determine d(q).
3
Let c(h) = h**2 + 16*h + 43. Let d be (8/3)/((-12)/16*(-16)/(-18)). What is c(d)?
-5
Let n(h) be the second derivative of 7*h**3/3 - 7*h**2/2 + 53*h. Give n(-3).
-49
Let b(s) = -4 - 2*s**2 - 124*s - 8 + 4*s**3 + 121*s. Let v(a) = 3*a**3 - 3*a - 11. Let j(r) = -2*b(r) + 3*v(r). Determine j(-4).
3
Let r(w) = -12*w + 1. Let k be (-930)/(10/5) + -7. Let s = -473 - k. Determine r(s).
13
Let w be ((-2)/3)/((-33)/396). Let r(g) = g**3 - 3*g**2 + 2*g - 17. Let b(v) = v**2 + 2*v - 2. Let c(t) = 4*b(t) - r(t). Calculate c(w).
-7
Let o = -265 + 267. Suppose o*f = 3*d + 3*f - 8, 0 = -2*d + 5*f + 28. Let j(u) = u**2 - 2*u - 9. What is j(d)?
-1
Let x(f) = -19*f - 82. Let o = -6328 - -6323. What is x(o)?
13
Let y(g) be the third derivative of -g**4/2 - 85*g**3/6 - 3711*g**2. Calculate y(-12).
59
Let p be (-225)/(-10)*56/35*-1. Let l(n) = -n**2 - 45*n - 338. Give l(p).
-14
Let h(a) = 12*a**2 - 4*a + 3. Let d(c) = -61*c**2 + 21*c - 16. Suppose 143*t - 150*t - 77 = 0. Let x(r) = t*h(r) - 2*d(r). What is x(1)?
-9
Let d(c) = c**2 - 11*c + 1. Let r(v) = 31*v + 171. Let i be r(-7). Let m be 495/(-275)*(1 - i/(-6)). Give d(m).
13
Let v(g) = -5*g**3 - 3*g**2 - g + 3. Let q(n) = n**3 - n**2 - n + 1. Let t(r) = -4*q(r) - v(r). Let y = -18519 + 18513. Give t(y).
-1
Let z(r) = 7*r + 21. Let x(t) = 41*t + 130. Let g(n) = 2*x(n) - 13*z(n). Calculate g(-2).
5
Let a(z) = 0*z**2 - 3*z - 12 + 6 - 5*z**2 + 2 + 3. Determine a(2).
-27
Let p(w) = 8*w - 29. Let l(q) = -1 - 3*q - 3 + 14. Let c(b) = -17*l(b) - 6*p(b). Let f(n) = 4*n + 4. Let m(x) = 5*c(x) - 4*f(x). Calculate m(-3).
7
Let v(a) = -a**3 - 25*a**2 + 26*a + 44. Let j be v(-26). Let i(y) = -y**3 - j*y**2 - 37*y**2 - 9 + 8*y + 74*y**2. Give i(-8).
-9
Let i be 27/11 + 66/121. Let s(x) = -5*x - x**i - 7*x**2 - 6*x - 7*x + 13*x + x + 3. Determine s(-6).
-9
Let q = 4475 + -4494. Let y(s) = -4*s - 75. Determine y(q).
1
Let q(u) be the first derivative of 1/4*u**4 + 0*u + 3*u**2 + 1/2*u**3 - 7 - 1/60*u**5. Let b(h) be the second derivative of q(h). Give b(6).
3
Let l(k) be the third derivative of k**4/8 - 29*k**3/3 + 2*k**2 - 12*k + 43. Calculate l(13).
-19
Let o(p) = p**2 - 3*p + 5. Let h(x) = -x**3 + 7*x - 4. Suppose 0 = -6*a + 24*a - 36. Let g be h(a). Give o(g).
3
Let d = -11 + 11. Suppose 0 = -d*v - v - l + 5, l = -4*v + 23. Let w(c) = 6*c + 1. Let k(u) = -11*u - 7. Let a(i) = k(i) + 2*w(i). Calculate a(v).
1
Let f(v) = v**3 - 7*v**2 - 61. Suppose -5*m = -6*g + 5*g - 37, 2*m = 5*g + 1. Give f(m).
3
